{"id":310,"date":"2023-07-26T00:44:30","date_gmt":"2023-07-26T00:44:30","guid":{"rendered":"https:\/\/lacayetana.com\/?page_id=310"},"modified":"2023-07-26T00:45:40","modified_gmt":"2023-07-26T00:45:40","slug":"cookies","status":"publish","type":"page","link":"https:\/\/lacayetana.com\/index.php\/cookies\/","title":{"rendered":"Pol\u00edtica de Cookies"},"content":{"rendered":"<p>[et_pb_section fb_built=\u00bb1&#8243; theme_builder_area=\u00bbpost_content\u00bb _builder_version=\u00bb4.21.0&#8243; _module_preset=\u00bbdefault\u00bb][et_pb_row _builder_version=\u00bb4.21.0&#8243; _module_preset=\u00bbdefault\u00bb theme_builder_area=\u00bbpost_content\u00bb][et_pb_column _builder_version=\u00bb4.21.0&#8243; _module_preset=\u00bbdefault\u00bb type=\u00bb4_4&#8243; theme_builder_area=\u00bbpost_content\u00bb][et_pb_text _builder_version=\u00bb4.21.0&#8243; _module_preset=\u00bbdefault\u00bb theme_builder_area=\u00bbpost_content\u00bb]<\/p>\n<h2 class=\"elementor-heading-title elementor-size-default\"><strong>Pol\u00edtica de Cookies<\/strong><\/h2>\n<h2><span style=\"font-size: 14px; color: #666666;\"><\/span><\/h2>\n<h2><span style=\"font-size: 14px; color: #666666;\">Dentro del reglamento LSSI-CE (<\/span><a href=\"http:\/\/www.boe.es\/buscar\/doc.php?id=BOE-A-2002-13758\" target=\"_blank\" rel=\"noopener\" style=\"font-size: 14px;\">Ley de la sociedad de la informaci\u00f3n y del comercio electr\u00f3nico<\/a><span style=\"font-size: 14px; color: #666666;\">), hay un apartado dedicado a las Cookies\u00a0que exige a los sitios web que descargue en tu navegador Cookies\u00a0de terceros, informar sobre el tipo de Cookies, la duraci\u00f3n y la finalidad de cada una de ellas.<\/span><\/h2>\n<p><span style=\"font-size: 14px; color: #666666;\"><\/span><\/p>\n<section class=\"elementor-section elementor-top-section elementor-element elementor-element-e81612f elementor-section-boxed elementor-section-height-default elementor-section-height-default\" data-id=\"e81612f\" data-element_type=\"section\">\n<div class=\"elementor-container elementor-column-gap-default\">\n<div class=\"elementor-column elementor-col-100 elementor-top-column elementor-element elementor-element-f602385\" data-id=\"f602385\" data-element_type=\"column\">\n<div class=\"elementor-widget-wrap elementor-element-populated\">\n<div class=\"elementor-element elementor-element-b9e3314 elementor-widget elementor-widget-text-editor\" data-id=\"b9e3314\" data-element_type=\"widget\" data-widget_type=\"text-editor.default\">\n<div class=\"elementor-widget-container\">\n<h2>Sobre las Cookies<\/h2>\n<p>Las Cookies son peque\u00f1os archivos que se instalan en el equipo del usuario a petici\u00f3n de la p\u00e1gina web y se utilizan para que el servicio web al que est\u00e1 accediendo realice determinadas funciones.<\/p>\n<p>Este servicio web utiliza Cookies propias y de terceros para el mantenimiento de la sesi\u00f3n del usuario que accede al servicio (Cookies t\u00e9cnicas), para personalizar las opciones que el usuario haya elegido (Cookies de personalizaci\u00f3n), para realizar un an\u00e1lisis estad\u00edstico del uso de este servicio web (Cookies de an\u00e1lisis) y de redes sociales (Cookies de redes sociales).<\/p>\n<h2>Finalidad de las Cookies<\/h2>\n<p>A continuaci\u00f3n, vamos a proceder a explicar las Cookies que se utilizan en este servicio web, cu\u00e1l es su uso, la finalidad que tienen y las posibles consecuencias que puede tener si se deshabilitan las mismas:<\/p>\n<p><strong>Cookies t\u00e9cnicas:<\/strong>\u00a0Es una Cookie propia y se utiliza para el mantenimiento de la sesi\u00f3n del usuario que accede a este servicio web. Si tiene deshabilitado que el navegador pueda instalar Cookies, como este servicio web no requiere de autenticaci\u00f3n para la navegaci\u00f3n, el citado servicio funcionar\u00e1 correctamente. Una vez que el usuario finalice su sesi\u00f3n, la Cookie de sesi\u00f3n dejar\u00e1 de tener utilidad y se borrar\u00e1.<\/p>\n<p><strong>Cookies de personalizaci\u00f3n:<\/strong>\u00a0Se utilizan para que el navegador pueda recordar sus preferencias (como por ejemplo que ya ha pulsado un determinado aviso, el idioma de navegaci\u00f3n elegido, opciones preferidas, etc\u2026) esta Cookie se almacena en su equipo y no le identifica como usuario del servicio web; por tanto, si accede desde otro equipo terminal, al no tener instalada esta Cookie no conocer\u00e1 sus preferencias. Si tiene deshabilitada la instalaci\u00f3n de Cookies, no se guardar\u00e1n en su equipo terminal sus preferencias en el servicio web, y por tanto cada vez que acceda al servicio deber\u00e1 elegirlas nuevamente.<\/p>\n<p><strong>Cookies de an\u00e1lisis:<\/strong>\u00a0Es una Cookie de terceros y se utiliza para medir y analizar la navegaci\u00f3n de los usuarios en este servicio web y de esta forma poder estudiar y mejorar la oferta de productos o servicios que se ofrecen. A trav\u00e9s de la Cookie anal\u00edtica no se obtiene informaci\u00f3n personal del usuario, la informaci\u00f3n que se obtiene es la relativa al n\u00famero de usuarios que acceden a la web, el n\u00famero de p\u00e1ginas visitadas, la frecuencia y repetici\u00f3n de las visitas, su duraci\u00f3n, el navegador que se utiliza, el operador que presta el servicio, el idioma de navegaci\u00f3n el terminal que se utiliza y\/o la ciudad a la que est\u00e1 asignada la direcci\u00f3n IP del equipo terminal. En el caso se inhabilite este tipo de Cookies, la p\u00e1gina no realizar\u00e1 an\u00e1lisis estad\u00edstico, pero funcionar\u00e1 igualmente.<\/p>\n<p><strong>Cookies de redes sociales:<\/strong> Son Cookies de terceros y se utilizan para que el usuario pueda interactuar con las distintas redes sociales a las que se hace referencia en esta p\u00e1gina web (Facebook, Instagram, Twitter, Youtube, Google map, etc\u2026). Las condiciones de utilizaci\u00f3n de estas Cookies y la informaci\u00f3n que se recoge est\u00e1n reguladas por las pol\u00edticas de privacidad y de Cookies de cada red social. Si tiene deshabilitada la instalaci\u00f3n de Cookies, no podr\u00e1 interactuar con las distintas redes sociales, pero la informaci\u00f3n p\u00fablica del servicio web se le mostrar\u00e1 igualmente.<\/p>\n<h2>Cookies utilizadas en este sitio web<\/h2>\n<p>A continuaci\u00f3n, le indicamos las Cookies que se utilizan en este servicio web:<\/p>\n<table>\n<tbody>\n<tr>\n<td><strong>Tipo de Cookie<\/strong><\/td>\n<td><strong>Clasificaci\u00f3n<\/strong><\/td>\n<td><strong>Proveedor<\/strong><\/td>\n<td><strong>Uso y finalidad<\/strong><\/td>\n<\/tr>\n<tr>\n<td>T\u00e9cnica<\/td>\n<td>Propia<\/td>\n<td>\u2013<\/td>\n<td>Mantener la sesi\u00f3n del usuario que navega por este sitio web<\/td>\n<\/tr>\n<tr>\n<td>Personalizaci\u00f3n<\/td>\n<td>Propia<\/td>\n<td>\u2013<\/td>\n<td>Recordar que ha aceptado la pol\u00edtica de Cookies<\/td>\n<\/tr>\n<tr>\n<td>Redes sociales<\/td>\n<td>De terceros<\/td>\n<td>\n<p>facebook.comtwitter.comYoutube.com<\/p>\n<p>instagram.com<\/p>\n<p>&nbsp;<\/p>\n<\/td>\n<td>Se almacena en las p\u00e1ginas donde se muestra el mapa de Google con la localizaci\u00f3n y en las que se incluyen enlaces de las redes sociales<\/td>\n<\/tr>\n<tr>\n<td>An\u00e1lisis<\/td>\n<td>De terceros<\/td>\n<td>Google.com<\/td>\n<td>Realizar an\u00e1lisis estad\u00edstico del uso de la web<\/td>\n<\/tr>\n<\/tbody>\n<\/table>\n<p>&nbsp;<\/p>\n<p>Le informamos que, en ninguna de las Cookies propias utilizadas, se almacena informaci\u00f3n que permita identificar al usuario, tal como nombres, apellidos, direcci\u00f3n de correo electr\u00f3nico o postal, etc, ni se utilizan las mismas para obtener o acceder a informaci\u00f3n del usuario.<\/p>\n<p>Adem\u00e1s, los usuarios que no quieran que se instalen Cookies en su ordenador o que deseen ser informados cu\u00e1ndo una Cookie se va a instalar en su equipo, podr\u00e1n configurar su navegador para que funcione de esa forma. Tambi\u00e9n se informa que\u00a0<strong>los usuarios podr\u00e1n borrar todas las Cookies generadas en su equipo en cualquier momento desde su navegador<\/strong>.<\/p>\n<h2>Cookies seg\u00fan navegador<\/h2>\n<p>A continuaci\u00f3n, se muestran los enlaces de los principales navegadores de forma que se pueda conocer m\u00e1s sobre qu\u00e9 Cookies est\u00e1n instaladas en su equipo, permitir o bloquear su instalaci\u00f3n, o c\u00f3mo se puede proceder con la eliminaci\u00f3n de las mismas. Dependiendo de qu\u00e9 navegador utilizado, elija alguno de los siguientes enlaces:<\/p>\n<ul>\n<li><a href=\"http:\/\/windows.microsoft.com\/es-xl\/internet-explorer\/delete-manage-cookies\" target=\"_blank\" rel=\"noopener\">Explorer<\/a><\/li>\n<li><a href=\"https:\/\/support.mozilla.org\/es\/products\/firefox\/protect-your-privacy\/cookies\" target=\"_blank\" rel=\"noopener\">Firefox<\/a><\/li>\n<li><a href=\"https:\/\/support.google.com\/chrome\/answer\/95647\" target=\"_blank\" rel=\"noopener\">Chrome<\/a><\/li>\n<li><a href=\"https:\/\/support.apple.com\/es-es\/HT201265\" target=\"_blank\" rel=\"noopener\">Safari<\/a><\/li>\n<li><a href=\"http:\/\/help.opera.com\/Mac\/12.10\/es-LA\/cookies.html\" target=\"_blank\" rel=\"noopener\">Opera<\/a><\/li>\n<\/ul>\n<p>&nbsp;<\/p>\n<p><strong>Esta pol\u00edtica de Cookies se aprueba y publica en Lucena, a 26 de Julio de 2023.<\/strong><\/p>\n<\/div>\n<\/div>\n<\/div>\n<\/div>\n<\/div>\n<\/section>\n<p>&nbsp;<\/p>\n<p>[\/et_pb_text][\/et_pb_column][\/et_pb_row][\/et_pb_section]<\/p>\n","protected":false},"excerpt":{"rendered":"<p>Pol\u00edtica de Cookies Dentro del reglamento LSSI-CE (Ley de la sociedad de la informaci\u00f3n y del comercio electr\u00f3nico), hay un apartado dedicado a las Cookies\u00a0que exige a los sitios web que descargue en tu navegador Cookies\u00a0de terceros, informar sobre el tipo de Cookies, la duraci\u00f3n y la finalidad de cada una de ellas. Sobre las [&hellip;]<\/p>\n","protected":false},"author":1,"featured_media":0,"parent":0,"menu_order":0,"comment_status":"closed","ping_status":"closed","template":"","meta":{"_et_pb_use_builder":"on","_et_pb_old_content":"","_et_gb_content_width":"","_uf_show_specific_survey":0,"_uf_disable_surveys":false,"footnotes":""},"class_list":["post-310","page","type-page","status-publish","hentry"],"jetpack_sharing_enabled":true,"_links":{"self":[{"href":"https:\/\/lacayetana.com\/index.php\/wp-json\/wp\/v2\/pages\/310","targetHints":{"allow":["GET"]}}],"collection":[{"href":"https:\/\/lacayetana.com\/index.php\/wp-json\/wp\/v2\/pages"}],"about":[{"href":"https:\/\/lacayetana.com\/index.php\/wp-json\/wp\/v2\/types\/page"}],"author":[{"embeddable":true,"href":"https:\/\/lacayetana.com\/index.php\/wp-json\/wp\/v2\/users\/1"}],"replies":[{"embeddable":true,"href":"https:\/\/lacayetana.com\/index.php\/wp-json\/wp\/v2\/comments?post=310"}],"version-history":[{"count":3,"href":"https:\/\/lacayetana.com\/index.php\/wp-json\/wp\/v2\/pages\/310\/revisions"}],"predecessor-version":[{"id":316,"href":"https:\/\/lacayetana.com\/index.php\/wp-json\/wp\/v2\/pages\/310\/revisions\/316"}],"wp:attachment":[{"href":"https:\/\/lacayetana.com\/index.php\/wp-json\/wp\/v2\/media?parent=310"}],"curies":[{"name":"wp","href":"https:\/\/api.w.org\/{rel}","templated":true}]}}