{"id":302,"date":"2023-07-26T00:33:36","date_gmt":"2023-07-26T00:33:36","guid":{"rendered":"https:\/\/lacayetana.com\/?page_id=302"},"modified":"2023-07-26T00:51:28","modified_gmt":"2023-07-26T00:51:28","slug":"politica_devoluciones","status":"publish","type":"page","link":"https:\/\/lacayetana.com\/index.php\/politica_devoluciones\/","title":{"rendered":"Pol\u00edtica devoluciones"},"content":{"rendered":"<p>[et_pb_section fb_built=\u00bb1&#8243; _builder_version=\u00bb4.21.0&#8243; _module_preset=\u00bbdefault\u00bb global_colors_info=\u00bb{}\u00bb theme_builder_area=\u00bbpost_content\u00bb][et_pb_row _builder_version=\u00bb4.21.0&#8243; _module_preset=\u00bbdefault\u00bb global_colors_info=\u00bb{}\u00bb theme_builder_area=\u00bbpost_content\u00bb][et_pb_column type=\u00bb4_4&#8243; _builder_version=\u00bb4.21.0&#8243; _module_preset=\u00bbdefault\u00bb global_colors_info=\u00bb{}\u00bb theme_builder_area=\u00bbpost_content\u00bb][et_pb_text _builder_version=\u00bb4.21.0&#8243; _module_preset=\u00bbdefault\u00bb global_colors_info=\u00bb{}\u00bb theme_builder_area=\u00bbpost_content\u00bb]<\/p>\n<h1 class=\"uk-article-title\" style=\"text-align: center;\"><\/h1>\n<h1>POL\u00cdTICA DE DEVOLUCIONES\u00a0<\/h1>\n<h1 class=\"uk-article-title\" style=\"text-align: center;\"><\/h1>\n<div class=\"uk-margin-medium\" property=\"text\">\n<p>&nbsp;<\/p>\n<p>A continuaci\u00f3n se detalla la pol\u00edtica de devoluciones en La Cayetana con denominaci\u00f3n social Rivera Eventos SL.<\/p>\n<p>No se admiten cambios ni devoluciones de entradas o solicitud de socios excepto por cancelaci\u00f3n del mismo en el caso de eventos.\u00a0<\/p>\n<p>En el caso de los socios abonados no se realizar\u00e1 devoluci\u00f3n debido a que la condici\u00f3n de socio es vigente durante el a\u00f1o en curso y v\u00e1lida para todos los eventos incluidos.\u00a0<\/p>\n<p>La entrada al evento siempre estar\u00e1 sujeta a las normas de admisi\u00f3n del local y particulares del evento.<\/p>\n<p>El incumplimiento de estas normas de admisi\u00f3n expuestas no obliga a la devoluci\u00f3n de la entrada y de los gastos de distribuci\u00f3n.<\/p>\n<p>La devoluci\u00f3n, en caso de cancelaci\u00f3n, es obligaci\u00f3n del ORGANIZADOR realizarla dentro del plazo de quince d\u00edas desde la fecha de la comunicaci\u00f3n p\u00fablica de la cancelaci\u00f3n.<\/p>\n<p>Si la suspensi\u00f3n se realiza una vez transcurrida m\u00e1s de la mitad del evento, no habr\u00e1 devoluci\u00f3n alguna.<\/p>\n<p>Las malas condiciones climatol\u00f3gicas no dan derecho a devoluci\u00f3n de la entrada o cuota de socio.\u00a0<\/p>\n<p>En caso de cancelaci\u00f3n, la devoluci\u00f3n se podr\u00e1 efectuar dentro del plazo de un mes desde la fecha de la comunicaci\u00f3n p\u00fablica de la suspensi\u00f3n del espect\u00e1culo. Transcurrido este plazo, no se admitir\u00e1 ninguna devoluci\u00f3n.<\/p>\n<\/div>\n<p>[\/et_pb_text][\/et_pb_column][\/et_pb_row][\/et_pb_section]<\/p>\n","protected":false},"excerpt":{"rendered":"<p>POL\u00cdTICA DE DEVOLUCIONES\u00a0 &nbsp; A continuaci\u00f3n se detalla la pol\u00edtica de devoluciones en La Cayetana con denominaci\u00f3n social Rivera Eventos SL. No se admiten cambios ni devoluciones de entradas o solicitud de socios excepto por cancelaci\u00f3n del mismo en el caso de eventos.\u00a0 En el caso de los socios abonados no se realizar\u00e1 devoluci\u00f3n debido [&hellip;]<\/p>\n","protected":false},"author":1,"featured_media":0,"parent":0,"menu_order":0,"comment_status":"closed","ping_status":"closed","template":"","meta":{"_et_pb_use_builder":"on","_et_pb_old_content":"","_et_gb_content_width":"","_uf_show_specific_survey":0,"_uf_disable_surveys":false,"footnotes":""},"class_list":["post-302","page","type-page","status-publish","hentry"],"jetpack_sharing_enabled":true,"_links":{"self":[{"href":"https:\/\/lacayetana.com\/index.php\/wp-json\/wp\/v2\/pages\/302","targetHints":{"allow":["GET"]}}],"collection":[{"href":"https:\/\/lacayetana.com\/index.php\/wp-json\/wp\/v2\/pages"}],"about":[{"href":"https:\/\/lacayetana.com\/index.php\/wp-json\/wp\/v2\/types\/page"}],"author":[{"embeddable":true,"href":"https:\/\/lacayetana.com\/index.php\/wp-json\/wp\/v2\/users\/1"}],"replies":[{"embeddable":true,"href":"https:\/\/lacayetana.com\/index.php\/wp-json\/wp\/v2\/comments?post=302"}],"version-history":[{"count":3,"href":"https:\/\/lacayetana.com\/index.php\/wp-json\/wp\/v2\/pages\/302\/revisions"}],"predecessor-version":[{"id":306,"href":"https:\/\/lacayetana.com\/index.php\/wp-json\/wp\/v2\/pages\/302\/revisions\/306"}],"wp:attachment":[{"href":"https:\/\/lacayetana.com\/index.php\/wp-json\/wp\/v2\/media?parent=302"}],"curies":[{"name":"wp","href":"https:\/\/api.w.org\/{rel}","templated":true}]}}